posite?
True
Let b be (-1)/(2/(-6)) - (-47 - -52). Is 2937/8 + (0 - b/(-16)) prime?
True
Let x = 806 - -21003. Is x composite?
True
Let j be (-15)/(-3) - (3 + -5). Suppose -22 = -5*r - j. Suppose r*l = -248 + 1601. Is l a composite number?
True
Let s be ((-2)/4)/(14/672*-2). Suppose -9*x - 4083 = -s*x. Is x composite?
False
Is 147/(-84) - 597243/(-4) prime?
True
Let u = 32936 + 12875. Is u a composite number?
True
Suppose -23*x + 41*x - 108 = 0. Suppose -x*h + 5907 + 27579 = 0. Is h prime?
True
Suppose -3*w - 3*w = -2*w. Suppose w = 5*n - 4807 - 8223. Suppose r + 2608 = 3*o, -2*o + n = o + r. Is o a prime number?
False
Let l(u) = 24*u - 7. Let i(p) = 12*p - 4. Let a be (5 + -3)*24/16. Let z(h) = a*l(h) - 7*i(h). Is z(-17) a prime number?
True
Suppose 0 = v - 3*v + 46. Suppose -v*t + 70 = -9*t. Suppose -2*g + g = -3, t*q - 5591 = -2*g. Is q composite?
False
Suppose -3*x - 2*z = -0*z - 37, -z = 3*x - 32. Suppose -x*h + 20993 = -2*h. Is h composite?
False
Let b be 8/(-6 + 4)*(-5)/4. Suppose -b*i = -10126 - 13669. Is i prime?
True
Suppose 3*u - 4*o - o - 138 = 0, -170 = -4*u + 2*o. Suppose 0*c = -3*g - 4*c + u, 4*c + 1 = 3*g. Is (g/(140/(-5672)))/((-2)/5) a prime number?
True
Let j be (-4)/(-3)*(-79422)/28. Let x = -673 - j. Is x a prime number?
True
Let d(x) = -x**3 - x**2 + x - 1. Let w(j) be the second derivative of j**5/10 + 7*j**4/3 - 5*j**3 - 31*j**2/2 - j. Let i(q) = 3*d(q) + w(q). Is i(21) composite?
False
Let a(d) = 3513*d + 473. Is a(28) a prime number?
True
Suppose 0*u + 21804164 = -41*u + 54964923. Is u a prime number?
False
Let p(x) = 7*x**3 + 9*x**2 + 11*x - 14. Let u(g) = 4*g**3 + 4*g**2 + 6*g - 7. Let d(n) = 3*p(n) - 5*u(n). Let v be d(-13). Let a = -89 - v. Is a a prime number?
True
Let c be 1*(-3)/(3/51123*-3). Suppose b = 4*y + c, 3*b - y - 9105 = 41963. Is b a prime number?
True
Let i be 81/(-108) - (-1 + (-464541)/12). Suppose 31506 = 18*b - i. Is b a prime number?
False
Suppose -4799*v - 6350357 = -4812*v. Is v prime?
False
Let w be (-1625)/(-50) + (-3)/(-2) + -2. Suppose v + 206 = -w. Is 6/(-6) - (v + (0 - -2)) a prime number?
False
Let z be (-11 - 426/(-42))/((-6)/28). Suppose -m - 2077 = -z*s, -3*s = -6*m + 8*m - 1555. Is s composite?
True
Let y = 32114 - 17555. Let f = -3830 + y. Is f composite?
False
Let x be -5 + (-40*23)/(-2). Suppose -3*r + 2*r - 4 = 0, 0 = -5*z - 4*r - 1. Suppose 4*h + 16 = 0, -3*f = -z*h - x - 2722. Is f a composite number?
True
Let h = 13310 - -14240. Is h/15*3 + 5 a composite number?
True
Suppose 804 + 120 = 44*d. Suppose -32*f + d*f = -151789. Is f composite?
False
Is (12346/(-6))/(-4 - (-70)/18) composite?
True
Let v = 95 - 407. Is ((v/(-9))/(-8) + 4)*-2301 a composite number?
True
Suppose -245*g + 15 = -250*g, 4*g - 74761 = -x. Is x a prime number?
False
Let b = -95 - -97. Suppose -2*w + 2322 = 3*c - 694, 0 = 4*w - b*c - 6048. Is w composite?
False
Let z(j) = -503*j**2 + 27*j - 92. Let i(q) = 167*q**2 - 9*q + 33. Let c(f) = -11*i(f) - 4*z(f). Let d be 2 - 1 - (-1)/1. Is c(d) prime?
False
Let z(t) = 16*t - 5. Let a be z(1). Let m = -76 + 77. Is 298248/144 + (-2)/(a + m) a composite number?
True
Let f(a) = 395*a + 4. Let k be f(16). Suppose k = 5*m - 2*m. Suppose -4*b = -0*b - m. Is b a composite number?
True
Let k be 383 + -386 + (-1*1 - 0). Is ((-18522)/k + 26/52)*1 composite?
True
Let y(s) = 7*s + 2. Suppose 0 = f - 4*f - 3*d + 3, 0 = -3*f + 3*d - 15. Let x be y(f). Is 6/(6 - x)*(-1 + 2902) prime?
True
Let y(j) = -7178*j - 7479. Is y(-46) composite?
False
Suppose 283 = -13*b + 1063. Is 200058/21 - (b/35)/(-4) composite?
True
Is -13 + 10*(-1423)/(-5) composite?
False
Let h = -17314 + 109491. Suppose 66893 = 10*m - h. Is m composite?
False
Is 297328 + 22 - -13 - -16 a composite number?
True
Suppose 0 = -3*a - 5*a + 112. Let o = a - -134. Suppose -o = -u + 439. Is u prime?
True
Let y(r) = -2*r**3 + 29*r**2 + 16*r - 2. Let q be y(15). Suppose -27037 = -q*t - 6*t. Is t composite?
False
Let h(y) = -y**3 - 6*y**2 + 19*y + 25. Let g be h(-8). Is (g + -2)*2518*42/(-12) prime?
False
Suppose 0 = u + 11 - 5, 0 = -3*j + 4*u + 2927415. Is j prime?
True
Let q = 172 - 173. Let d(l) = 33*l**2 - 2*l + 59*l**2 + 33*l**2. Is d(q) prime?
True
Suppose 4*c = -0*n - 2*n + 132, 0 = 3*c + 4*n - 99. Let v(i) = 6*i - 9 + 6*i**2 + i**2 + c*i**3 - 3*i**2 + 3*i. Is v(4) composite?
False
Suppose -10*h - 38849 = -n - 14*h, -2*n + 4*h = -77758. Is n a prime number?
False
Is (-4 - 369/(-18))/(9/24918) prime?
False
Suppose c = j + 2105, -j - 2093 = 3*c + 12. Let a = 4022 - j. Is a prime?
False
Let c(q) = -6*q**2 + 6*q + 78. Suppose -2*w - 43 + 33 = 0. Let h(i) = -i**2 + i - 1. Let m(f) = w*h(f) + c(f). Is m(0) a composite number?
False
Let t(p) = -6*p**2 - p - 3. Let x be t(-3). Let l = x - -1316. Is l a prime number?
False
Suppose 6*h - h + 5 = 0. Is 0 - (-4 + 4975/h) a composite number?
True
Let p be (-185098)/18 + (-4)/(-18). Let o = 14878 + p. Is o a composite number?
True
Let n = -4349155 - -6807410. Is n a composite number?
True
Let l be -10*9/(-45) - (0 - -4). Is (23 + -17)*(-20949)/36*l composite?
False
Suppose -10*z + 3*b = -12*z + 182371, -2*z = -4*b - 182378. Is z composite?
True
Suppose -6*q = -q - 155. Suppose -b + 7977 = -27*s + q*s, 0 = -3*b + 3*s + 23991. Is b a composite number?
False
Let w(q) = 3 + 5319*q + 477*q + 310*q + 6592*q. Is w(1) a prime number?
False
Let o be -1*4*(-958)/(-4). Let f(g) = -705*g - 6. Let b be f(-3). Let c = o + b. Is c composite?
False
Let c(u) = 5261*u**2 - 3*u - 2. Let y be c(-1). Let f = 58 - 57. Is y/(-1 + 4 - f) prime?
False
Let t be (16/(-20))/(12/(-10))*3. Suppose 4*m = 2*w + 16, -t*m + 3*m = w + 4. Suppose m*r + 2*y = 3*r + 177, -4*y = 4*r - 708. Is r composite?
True
Let z = -15567 + 21876. Suppose 2*n + 5*o = 4213, -2*n - n - 4*o + z = 0. Is n prime?
True
Is (9/(-6))/((-54)/2667852) a composite number?
True
Suppose -2*r + 41221 = 3*y, r - 7692 = 2*y + 12943. Is r a composite number?
True
Let z be 432/(-28)*-154*2. Let s = z - -5666. Is s a prime number?
False
Suppose 47706 = 4*a + 3*u - 96445, -2*u = -3*a + 108126. Suppose -13*y = -5*y - a. Suppose y - 16263 = -2*v. Is v composite?
False
Let o(v) = -1409*v - 2314. Is o(-63) prime?
True
Suppose 9*p = 17*p - 64160. Suppose 2*b - p = 8*k - 10*k, 5*k + 4*b - 20047 = 0. Is k a composite number?
False
Suppose 7*y = 6*y + 3*r + 109013, -5*y + 3*r + 544993 = 0. Is y prime?
False
Let a = 19703 - -21386. Is a a prime number?
False
Suppose 4*r + 4*f = 335328, -26*f + 25*f = -r + 83834. Is r a composite number?
False
Let o be (-8 + 5)/((-6)/22). Suppose 2739 = o*r - 6622. Is r composite?
True
Let n be 0 + 8/(-20)*-10. Suppose 84 = -5*i + n. Let f(p) = -p**3 - 11*p**2 - 27*p - 3. Is f(i) composite?
False
Let y(z) = z**3 - 19*z**2 - 25*z - 553. Is y(32) composite?
False
Let c(g) be the third derivative of 0*g - 1/6*g**4 - 26*g**2 + 0 + 59/6*g**3 + 121/60*g**5. Is c(6) a composite number?
False
Suppose 6 = -3*l + 240. Suppose -76 = f - l. Suppose f*p + 779 = s, -6539 + 2612 = -5*s + 2*p. Is s a prime number?
True
Let n be 12/(2 - 6) - -6. Suppose n*h = 321 + 108. Suppose 4*y + 7*y - h = 0. Is y a prime number?
True
Let t = 207190 - 120893. Is t a composite number?
False
Let v(t) = -185*t + 667. Is v(-20) composite?
True
Suppose 3*f - 7*o + 2*o = 5, -5*f - 9 = -4*o. Is ((-24)/2 - f) + 1802 prime?
False
Let j(s) be the second derivative of -3*s**5/2 - 11*s**4/12 + s**3/2 - s**2/2 + s + 1. Is j(-6) composite?
True
Let l be 1 + 62199/27 + 1/3. Suppose -20416 + l = -3*m. Is m a prime number?
True
Let x = 113 + -93. Let j = -16 + x. Suppose -211 - 505 = -j*f. Is f prime?
True
Suppose -7207366 = 1722*j - 1835*j. Is j composite?
True
Is (80/10 - 2) + 433379 composite?
True
Suppose -1081 - 327 = 16*o. Let q = o - -88. Suppose q = -x - 2, 5*b = -3*x - 2*x + 375. Is b composite?
True
Let n(o) be the first derivative of o**4/4 + 6*o**3 - 9*o**2/2 + 4*o + 11. Let j be n(-13). Suppose -156 - 806 = -2*z + x, j = 2*z - 2*x. Is z prime?
True
Let d(u) = -u**2 - 21*u + 43. Suppose 5*o = -3*l - 79, -2*l - 11*o + 12*o - 31 = 0. Is d(l) composite?
False
Suppose -3*b = -t + 4858, 4*t + 8*b - 10*b - 19462 = 0. Is t a composite number?
True
Let l(c) = -c**3 - 10*c**2 - 7*c + 30. Let i be l(-9). Let w = i - 11. Suppose -2*o + 5*o - 162 = -3*d, w = o. Is d prime?